{"id":272,"date":"2019-03-12T15:30:23","date_gmt":"2019-03-12T15:30:23","guid":{"rendered":"http:\/\/aemtler-quilter.ch\/?page_id=272"},"modified":"2025-09-08T13:58:41","modified_gmt":"2025-09-08T13:58:41","slug":"verein","status":"publish","type":"page","link":"https:\/\/www.aemtler-quilter.ch\/?page_id=272","title":{"rendered":"Verein"},"content":{"rendered":"\n<p>Der Verein Aemtler-Quilter wurde 1988 von engagierten Quilterinnen in Bonstetten gegr\u00fcndet. In den Anfangszeiten fanden die Treffen in einem kleinen Raum statt. Recht bald jedoch wuchs der Verein beachtlich, so dass die Quilterinnen einen gr\u00f6sseren Saal ben\u00f6tigten. Heute finden die Treffen im Katholischen Pfarramt in Bonstetten statt.<\/p>\n\n\n\n<p>Mittlerweile sind rund 35 Patchworkerinnen und Quilterinnen aus der ganzen Region zum Verein gestossen. F\u00fcr viele Mitglieder ist Quilten schon lange kein Hobby mehr, sondern eine Leidenschaft, welche auf neue Vereinsmitglieder \u00fcberspringt! Das Vereinsleben ist uns wichtig: Die kreative Frau trifft die Handwerkerin; die viel Zeit investierende Quilterin diejenige, die nach einem anstrengenden Tag zum Entspannen \u201enur\u201c noch einige Bahnen n\u00e4hen m\u00f6chte. Die Mitglieder freuen sich immer, spannende Menschen kennen lernen zu d\u00fcrfen, mit welchen sie ihre Leidenschaft teilen k\u00f6nnen.<\/p>\n\n\n\n<p>Die regelm\u00e4ssigen Quilttreffen finden jeden letzten Dienstag im Monat (ausser Dezember) statt: wir n\u00e4hen gemeinsam, entdecken neue Techniken, lernen und diskutieren. Ein reger Austausch findet einerseits an den Quilttreffen statt und andererseits auch innerhalb von Untergruppen, welche sich mehr oder weniger regelm\u00e4ssig und tags\u00fcber treffen. Innerhalb der Unterguppen kann frei gearbeitet werden, sei es an eigenen St\u00fccken oder auch an einem gemeinsamen Quilt. Zus\u00e4tzlich organisieren wir ab und zu Gruppentreffen (Samstag, bzw. Wochenende), wo individuell gen\u00e4ht wird, z.b. an einer angefangenen Arbeit. Bei Bedarf unterst\u00fctzen sich Quilterinnen gegenseitig.<\/p>\n\n\n\n<p>In spannenden Workshops werden uns verschiedene Techniken, welche den ganzen Bereich Textiles umfassen k\u00f6nnen, n\u00e4her gebracht. So gibt es vom Stoff-F\u00e4rbekurs, \u00fcber Entwurfstechnik, traditionelle Muster, Paper piecing bis zur Oberfl\u00e4chengestaltung alles zu lernen, was das Herz begehrt. Die Kursleiterinnen rekrutieren wir nicht nur vereinsintern, sondern auch innerhalb der Schweiz und in einzelnen F\u00e4llen im Ausland.<\/p>\n\n\n\n<p>Ungef\u00e4hr alle 5 Jahre findet eine grosse Quiltausstellung statt. Unsere n\u00e4chste Austellung wird vom <strong>Freitag, 4. September 2026 bis Sonntag, 20. September 2026 <\/strong> in der <strong>Galerie M\u00e4rtplatz <\/strong>in Affoltern am Albis stattfinden. Es werden Quilts und textile Werke von Vereinsmitgliedern ausgestellt.<\/p>\n","protected":false},"excerpt":{"rendered":"<p>Der Verein Aemtler-Quilter wurde 1988 von engagierten Quilterinnen in Bonstetten gegr\u00fcndet. In den Anfangszeiten fanden die Treffen in einem kleinen Raum statt. Recht bald jedoch wuchs der Verein beachtlich, so dass die Quilterinnen einen gr\u00f6sseren Saal ben\u00f6tigten. Heute finden die Treffen im Katholischen Pfarramt in Bonstetten statt. Mittlerweile sind rund 35 Patchworkerinnen und Quilterinnen aus &hellip; <\/p>\n<p class=\"link-more\"><a href=\"https:\/\/www.aemtler-quilter.ch\/?page_id=272\" class=\"more-link\"><span class=\"screen-reader-text\">\u201eVerein\u201c <\/span>weiterlesen<\/a><\/p>\n","protected":false},"author":1,"featured_media":0,"parent":0,"menu_order":0,"comment_status":"closed","ping_status":"closed","template":"","meta":{"footnotes":""},"class_list":["post-272","page","type-page","status-publish","hentry"],"_links":{"self":[{"href":"https:\/\/www.aemtler-quilter.ch\/index.php?rest_route=\/wp\/v2\/pages\/272","targetHints":{"allow":["GET"]}}],"collection":[{"href":"https:\/\/www.aemtler-quilter.ch\/index.php?rest_route=\/wp\/v2\/pages"}],"about":[{"href":"https:\/\/www.aemtler-quilter.ch\/index.php?rest_route=\/wp\/v2\/types\/page"}],"author":[{"embeddable":true,"href":"https:\/\/www.aemtler-quilter.ch\/index.php?rest_route=\/wp\/v2\/users\/1"}],"replies":[{"embeddable":true,"href":"https:\/\/www.aemtler-quilter.ch\/index.php?rest_route=%2Fwp%2Fv2%2Fcomments&post=272"}],"version-history":[{"count":11,"href":"https:\/\/www.aemtler-quilter.ch\/index.php?rest_route=\/wp\/v2\/pages\/272\/revisions"}],"predecessor-version":[{"id":845,"href":"https:\/\/www.aemtler-quilter.ch\/index.php?rest_route=\/wp\/v2\/pages\/272\/revisions\/845"}],"wp:attachment":[{"href":"https:\/\/www.aemtler-quilter.ch\/index.php?rest_route=%2Fwp%2Fv2%2Fmedia&parent=272"}],"curies":[{"name":"wp","href":"https:\/\/api.w.org\/{rel}","templated":true}]}}