{"id":271,"date":"2019-03-12T15:30:22","date_gmt":"2019-03-12T15:30:22","guid":{"rendered":"http:\/\/aemtler-quilter.ch\/?page_id=271"},"modified":"2026-01-19T13:32:48","modified_gmt":"2026-01-19T13:32:48","slug":"vorstand","status":"publish","type":"page","link":"https:\/\/www.aemtler-quilter.ch\/?page_id=271","title":{"rendered":"Vorstand"},"content":{"rendered":"\n<figure class=\"wp-block-image size-large\"><img loading=\"lazy\" decoding=\"async\" width=\"1024\" height=\"682\" src=\"https:\/\/www.aemtler-quilter.ch\/wp-content\/uploads\/2025\/09\/c4d05194-7306-428b-adfc-f54aa5b013dd-1024x682.jpg\" alt=\"\" class=\"wp-image-842\" srcset=\"https:\/\/www.aemtler-quilter.ch\/wp-content\/uploads\/2025\/09\/c4d05194-7306-428b-adfc-f54aa5b013dd-1024x682.jpg 1024w, https:\/\/www.aemtler-quilter.ch\/wp-content\/uploads\/2025\/09\/c4d05194-7306-428b-adfc-f54aa5b013dd-300x200.jpg 300w, https:\/\/www.aemtler-quilter.ch\/wp-content\/uploads\/2025\/09\/c4d05194-7306-428b-adfc-f54aa5b013dd-768x512.jpg 768w, https:\/\/www.aemtler-quilter.ch\/wp-content\/uploads\/2025\/09\/c4d05194-7306-428b-adfc-f54aa5b013dd-1536x1023.jpg 1536w, https:\/\/www.aemtler-quilter.ch\/wp-content\/uploads\/2025\/09\/c4d05194-7306-428b-adfc-f54aa5b013dd.jpg 1600w\" sizes=\"auto, (max-width: 767px) 89vw, (max-width: 1000px) 54vw, (max-width: 1071px) 543px, 580px\" \/><figcaption class=\"wp-element-caption\">von links nach rechts: Lisa Hofmann-Maurer, Mich\u00e8le Bruhin, Monica Clavadetscher, Christine Gerber<\/figcaption><\/figure>\n\n\n\n<p><\/p>\n\n\n\n<p><\/p>\n\n\n\n<p>Christine Gerber &#8211; Pr\u00e4sidentin, aemtler-quilter@gmx.ch<\/p>\n\n\n\n<p>Mich\u00e8le Bruhin &#8211; Vizepr\u00e4sidentin, Quiltbrief <\/p>\n\n\n\n<p>Lisa Hofmann-Maurer &#8211; Oeffentlichkeitsarbeit, Kurse, Kommunikation<\/p>\n\n\n\n<p>Monica Clavadetscher &#8211; Kassierin, Aktuarin, Website<\/p>\n\n\n\n<p><\/p>\n\n\n\n<p><\/p>\n","protected":false},"excerpt":{"rendered":"<p>Christine Gerber &#8211; Pr\u00e4sidentin, aemtler-quilter@gmx.ch Mich\u00e8le Bruhin &#8211; Vizepr\u00e4sidentin, Quiltbrief Lisa Hofmann-Maurer &#8211; Oeffentlichkeitsarbeit, Kurse, Kommunikation Monica Clavadetscher &#8211; Kassierin, Aktuarin, Website<\/p>\n","protected":false},"author":1,"featured_media":0,"parent":0,"menu_order":0,"comment_status":"closed","ping_status":"closed","template":"","meta":{"footnotes":""},"class_list":["post-271","page","type-page","status-publish","hentry"],"_links":{"self":[{"href":"https:\/\/www.aemtler-quilter.ch\/index.php?rest_route=\/wp\/v2\/pages\/271","targetHints":{"allow":["GET"]}}],"collection":[{"href":"https:\/\/www.aemtler-quilter.ch\/index.php?rest_route=\/wp\/v2\/pages"}],"about":[{"href":"https:\/\/www.aemtler-quilter.ch\/index.php?rest_route=\/wp\/v2\/types\/page"}],"author":[{"embeddable":true,"href":"https:\/\/www.aemtler-quilter.ch\/index.php?rest_route=\/wp\/v2\/users\/1"}],"replies":[{"embeddable":true,"href":"https:\/\/www.aemtler-quilter.ch\/index.php?rest_route=%2Fwp%2Fv2%2Fcomments&post=271"}],"version-history":[{"count":17,"href":"https:\/\/www.aemtler-quilter.ch\/index.php?rest_route=\/wp\/v2\/pages\/271\/revisions"}],"predecessor-version":[{"id":873,"href":"https:\/\/www.aemtler-quilter.ch\/index.php?rest_route=\/wp\/v2\/pages\/271\/revisions\/873"}],"wp:attachment":[{"href":"https:\/\/www.aemtler-quilter.ch\/index.php?rest_route=%2Fwp%2Fv2%2Fmedia&parent=271"}],"curies":[{"name":"wp","href":"https:\/\/api.w.org\/{rel}","templated":true}]}}